e prime factors of 383.
383
What are the prime factors of 134?
2, 67
List the prime factors of 62.
2, 31
What are the prime factors of 44160?
2, 3, 5, 23
List the prime factors of 14236.
2, 3559
List the prime factors of 56927.
13, 29, 151
List the prime factors of 2028.
2, 3, 13
What are the prime factors of 9921?
3, 3307
What are the prime factors of 63534?
2, 3, 10589
What are the prime factors of 364?
2, 7, 13
What are the prime factors of 3137?
3137
List the prime factors of 444.
2, 3, 37
List the prime factors of 2062.
2, 1031
List the prime factors of 48742.
2, 24371
What are the prime factors of 37630?
2, 5, 53, 71
What are the prime factors of 9475?
5, 379
List the prime factors of 2122.
2, 1061
List the prime factors of 4342.
2, 13, 167
List the prime factors of 52131.
3, 17377
What are the prime factors of 5115?
3, 5, 11, 31
List the prime factors of 1777.
1777
List the prime factors of 7136.
2, 223
What are the prime factors of 2594?
2, 1297
List the prime factors of 476.
2, 7, 17
List the prime factors of 997.
997
What are the prime factors of 5053?
31, 163
What are the prime factors of 4321?
29, 149
List the prime factors of 328.
2, 41
List the prime factors of 9290.
2, 5, 929
List the prime factors of 45117.
3, 557
List the prime factors of 63645.
3, 5, 4243
What are the prime factors of 14863?
89, 167
What are the prime factors of 133171?
19, 43, 163
What are the prime factors of 45289?
45289
List the prime factors of 3406.
2, 13, 131
What are the prime factors of 1941?
3, 647
What are the prime factors of 68920?
2, 5, 1723
List the prime factors of 3735.
3, 5, 83
What are the prime factors of 783?
3, 29
What are the prime factors of 10713?
3, 3571
What are the prime factors of 32009?
32009
List the prime factors of 85027.
85027
What are the prime factors of 395?
5, 79
What are the prime factors of 37617?
3, 12539
List the prime factors of 83603.
13, 59, 109
What are the prime factors of 56826?
2, 3, 7, 11, 41
What are the prime factors of 4806?
2, 3, 89
List the prime factors of 8792.
2, 7, 157
What are the prime factors of 745?
5, 149
What are the prime factors of 304?
2, 19
List the prime factors of 1358.
2, 7, 97
List the prime factors of 15045.
3, 5, 17, 59
What are the prime factors of 1411?
17, 83
List the prime factors of 2891.
7, 59
List the prime factors of 22497.
3, 7499
List the prime factors of 1401.
3, 467
What are the prime factors of 2671?
2671
List the prime factors of 8915.
5, 1783
What are the prime factors of 571?
571
What are the prime factors of 158980?
2, 5, 7949
What are the prime factors of 4051?
4051
What are the prime factors of 235?
5, 47
List the prime factors of 2426.
2, 1213
What are the prime factors of 478?
2, 239
What are the prime factors of 10821?
3, 3607
List the prime factors of 25845.
3, 5, 1723
What are the prime factors of 984?
2, 3, 41
What are the prime factors of 35532?
2, 3, 7, 47
List the prime factors of 3072.
2, 3
List the prime factors of 46457.
46457
What are the prime factors of 8586?
2, 3, 53
List the prime factors of 4028.
2, 19, 53
List the prime factors of 27385.
5, 5477
What are the prime factors of 2741?
2741
List the prime factors of 25469.
25469
What are the prime factors of 1962?
2, 3, 109
What are the prime factors of 128077?
211, 607
What are the prime factors of 67010?
2, 5, 6701
What are the prime factors of 110745?
3, 5, 23, 107
List the prime factors of 36265.
5, 7253
What are the prime factors of 107213?
29, 3697
List the prime factors of 36363.
3, 17, 23, 31
List the prime factors of 52924.
2, 101, 131
What are the prime factors of 92994?
2, 3, 11, 1409
List the prime factors of 546.
2, 3, 7, 13
List the prime factors of 56024.
2, 47, 149
What are the prime factors of 124478?
2, 109, 571
What are the prime factors of 85996?
2, 21499
What are the prime factors of 19267?
19267
What are the prime factors of 1425?
3, 5, 19
List the prime factors of 89603.
89603
What are the prime factors of 3314?
2, 1657
List the prime factors of 82390.
2, 5, 7, 11, 107
List the prime factors of 838.
2, 419
List the prime factors of 2247.
3, 7, 107
What are the prime factors of 10472?
2, 7, 11, 17
What are the prime factors of 2?
2
What are the prime factors of 2766?
2, 3, 461
What are the prime factors of 7229?
7229
List the prime factors of 73076.
2, 18269
List the prime factors of 11722.
2, 5861
What are the prime factors of 27608?
2, 7, 17, 29
List the prime factors of 9512.
2, 29, 41
What are the prime factors of 1062?
2, 3, 59
List the prime factors of 43575.
3, 5, 7, 83
List the prime factors of 1074.
2, 3, 179
What are the prime factors of 8718?
2, 3, 1453
List the prime factors of 4419.
3, 491
What are the prime factors of 140721?
3, 7, 6701
What are the prime factors of 6503?
7, 929
List the prime factors of 56419.
11, 23, 223
List the prime factors of 1364.
2, 11, 31
List the prime factors of 8667.
3, 107
What are the prime factors of 122666?
2, 61333
What are the prime factors of 372?
2, 3, 31
List the prime factors of 21484.
2, 41, 131
List the prime factors of 72625.
5, 7, 83
List the prime factors of 2458.
2, 1229
What are the prime factors of 867?
3, 17
List the prime factors of 1061.
1061
List the prime factors of 2950.
2, 5, 59
List the prime factors of 32494.
2, 7, 11, 211
List the prime factors of 2021.
43, 47
List the prime factors of 51076.
2, 113
List the prime factors of 1239.
3, 7, 59
List the prime factors of 639.
3, 71
List the prime factors of 726.
2, 3, 11
What are the prime factors of 822?
2, 3, 137
List the prime factors of 6512.
2, 11, 37
What are the prime factors of 29850?
2, 3, 5, 199
What are the prime factors of 1210?
2, 5, 11
What are the prime factors of 708?
2, 3, 59
What are the prime factors of 1983?
3, 661
List the prime factors of 2489.
19, 131
List the prime factors of 2456.
2, 307
What are the prime factors of 1285?
5, 257
List the prime factors of 982.
2, 491
What are the prime factors of 12059?
31, 389
List the prime factors of 7345.
5, 13, 113
What are the prime factors of 8860?
2, 5, 443
List the prime factors of 5756.
2, 1439
List the prime factors of 103992.
2, 3, 7, 619
What are the prime factors of 16538?
2, 8269
List the prime factors of 30218.
2, 29, 521
List the prime factors of 125333.
13, 31, 311
List the prime factors of 153.
3, 17
What are the prime factors of 9363?
3, 3121
List the prime factors of 10830.
2, 3, 5, 19
List the prime factors of 91307.
17, 41, 131
What are the prime factors of 11949?
3, 7, 569
List the prime factors of 3096.
2, 3, 43
What are the prime factors of 21762?
2, 3, 13, 31
List the prime factors of 316.
2, 79
What are the prime factors of 1037?
17, 61
What are the prime factors of 163064?
2, 11, 17, 109
List the prime factors of 2168.
2, 271
List the prime factors of 6532.
2, 23, 71
List the prime factors of 48922.
2, 61, 401
List the prime factors of 18697.
7, 2671
What are the prime factors of 26665?
5, 5333
What are the prime factors of 169?
13
List the prime factors of 110758.
2, 79, 701
What are the prime factors of 39325?
5, 11, 13
List the prime factors of 1105.
5, 13, 17
What are the prime factors of 485?
5, 97
What are the prime factors of 61279?
233, 263
What are the prime factors of 7914?
2, 3, 1319
What are the prime factors of 2319?
3, 773
What are the prime factors of 14094?
2, 3, 29
List the prime factors of 6528.
2, 3, 17
What are the prime factors of 3392?
2, 53
List the prime factors of 13217.
13217
List the prime factors of 3703.
7, 23
What are the prime factors of 1814?
2, 907
List the prime factors of 10167.
3, 3389
What are the prime factors of 3432?
2, 3, 11, 13
What are the prime factors of 1048?
2, 131
What are the prime factors of 5311?
47, 113
List the prime factors of 23255.
5, 4651
List the prime factors of 39655.
5, 7, 11, 103
What are the prime factors of 1957?
19, 103
List the prime factors of 10871.
7, 1553
What are the prime factors of 607?
607
What are the prime factors of 322?
2, 7, 23
What are the prime factors of 279?
3, 31
What are the prime factors of 4453?
61, 73
What are the prime factors of 52352?
2, 409
What are the prime factors of 8321?
53, 157
What are the prime factors of 1324?
2, 331
List the prime factors of 309.
3, 103
List the prime factors 